remainder when 893668 is divided by 6571?
12
What is the remainder when 1106738 is divided by 9709?
9621
Calculate the remainder when 10386956 is divided by 79899.
86
What is the remainder when 26339 is divided by 2562?
719
What is the remainder when 12664287 is divided by 2600?
2287
Calculate the remainder when 26636457 is divided by 2221.
4
What is the remainder when 11809 is divided by 3694?
727
What is the remainder when 37508153 is divided by 409?
399
Calculate the remainder when 186322399 is divided by 17190.
17179
Calculate the remainder when 1501143 is divided by 5910.
3
What is the remainder when 135246390 is divided by 122?
118
Calculate the remainder when 2103901 is divided by 701234.
199
Calculate the remainder when 1846537 is divided by 4717.
2190
What is the remainder when 309682 is divided by 6?
4
Calculate the remainder when 1005951424 is divided by 113.
112
Calculate the remainder when 27658 is divided by 5806.
4434
What is the remainder when 156843818 is divided by 801?
8
What is the remainder when 15776845 is divided by 23?
18
Calculate the remainder when 77815 is divided by 1145.
1100
Calculate the remainder when 91849 is divided by 2185.
79
What is the remainder when 20241497 is divided by 57?
56
What is the remainder when 865716 is divided by 432779?
158
Calculate the remainder when 861366 is divided by 20026.
248
Calculate the remainder when 1599910 is divided by 216.
214
What is the remainder when 28567248 is divided by 391?
6
Calculate the remainder when 76161 is divided by 1392.
993
Calculate the remainder when 50157 is divided by 28.
9
What is the remainder when 7826 is divided by 7300?
526
Calculate the remainder when 260733 is divided by 4222.
3191
What is the remainder when 40623223 is divided by 2718?
2713
What is the remainder when 9707028 is divided by 1291?
1290
Calculate the remainder when 336344053 is divided by 89477.
10
Calculate the remainder when 14034 is divided by 2707.
499
Calculate the remainder when 101062502 is divided by 757.
731
What is the remainder when 189753 is divided by 72?
33
What is the remainder when 3416 is divided by 1836?
1580
Calculate the remainder when 1058531 is divided by 47.
44
What is the remainder when 5577746 is divided by 14716?
382
Calculate the remainder when 1371117 is divided by 12458.
737
Calculate the remainder when 4898732 is divided by 70.
62
What is the remainder when 727148 is divided by 18?
2
Calculate the remainder when 144908 is divided by 630.
8
What is the remainder when 1758057 is divided by 74?
39
Calculate the remainder when 58434151 is divided by 56.
55
What is the remainder when 18312177 is divided by 578?
559
Calculate the remainder when 27424702 is divided by 12.
10
What is the remainder when 299139 is divided by 35?
29
What is the remainder when 1411004 is divided by 78385?
74
Calculate the remainder when 21772 is divided by 21436.
336
What is the remainder when 16237075 is divided by 965?
950
What is the remainder when 3258385 is divided by 1086127?
4
Calculate the remainder when 1837515 is divided by 183.
12
What is the remainder when 1754087 is divided by 76?
7
What is the remainder when 1322279 is divided by 30750?
29
What is the remainder when 11643073 is divided by 13730?
33
What is the remainder when 4372132 is divided by 72864?
292
What is the remainder when 45635 is divided by 14940?
815
What is the remainder when 788479 is divided by 107?
103
Calculate the remainder when 4029054 is divided by 2014464.
126
Calculate the remainder when 519166 is divided by 2545.
2531
Calculate the remainder when 80551492 is divided by 1085.
7
Calculate the remainder when 8669934 is divided by 89.
88
What is the remainder when 132551 is divided by 3320?
3071
What is the remainder when 2407645 is divided by 2407640?
5
Calculate the remainder when 214419 is divided by 4465.
99
Calculate the remainder when 371384 is divided by 123681.
341
What is the remainder when 1914144 is divided by 283?
215
What is the remainder when 458089 is divided by 7898?
5
What is the remainder when 157984335 is divided by 14616?
14607
Calculate the remainder when 612711 is divided by 959.
869
Calculate the remainder when 839375 is divided by 6769.
19
What is the remainder when 9767145 is divided by 72889?
19
Calculate the remainder when 115 is divided by 43.
29
What is the remainder when 355468131 is divided by 42?
39
What is the remainder when 7649822 is divided by 39?
11
What is the remainder when 6441308 is divided by 6441083?
225
What is the remainder when 1716 is divided by 424?
20
What is the remainder when 28264 is divided by 5519?
669
Calculate the remainder when 162150794 is divided by 222.
218
Calculate the remainder when 907195 is divided by 3240.
3235
Calculate the remainder when 2641577 is divided by 848.
57
What is the remainder when 56260 is divided by 5268?
3580
Calculate the remainder when 156683 is divided by 113.
65
What is the remainder when 6136863 is divided by 1022810?
3
Calculate the remainder when 81297 is divided by 1132.
925
Calculate the remainder when 8364183 is divided by 221.
217
Calculate the remainder when 156103 is divided by 51915.
358
What is the remainder when 562906693 is divided by 193?
191
Calculate the remainder when 22316469 is divided by 107.
14
What is the remainder when 11240657 is divided by 32116?
57
Calculate the remainder when 5841917 is divided by 3308.
3297
Calculate the remainder when 1739636 is divided by 289939.
2
What is the remainder when 251915075 is divided by 147?
146
Calculate the remainder when 297140 is divided by 1794.
1130
What is the remainder when 240540 is divided by 4009?
0
What is the remainder when 5312 is divided by 4451?
861
What is the remainder when 183796 is divided by 862?
190
What is the remainder when 289096 is divided by 876?
16
What is the remainder when 109936564 is divided by 9?
7
What is the remainder when 1172692 is divided by 1172677?
15
Calculate the remainder when 202092 is divided by 16840.
12
Calculate the remainder when 10866863 is divided by 148860.
83
Calculate the remainder when 365275868 is divided by 2448.
2444
What is the remainder when 4905361 is divided by 272517?
55
Calculate the remainder when 1132222 is divided by 102.
22
Calculate the remainder when 10909507 is divided by 274.
197
What is the remainder when 755561 is divided by 150917?
976
Calculate the remainder when 3889434 is divided by 1232.
10
What is the remainder when 3089618 is divided by 415?
358
What is the remainder when 1770416 is divided by 310?
6
Calculate the remainder when 4041470 is divided by 1074.
8
What is the remainder when 1258170 is divided by 380?
370
Calculate the remainder when 337884 is divided by 312.
300
Calculate the remainder when 21086134 is divided by 178696.
6
Calculate the remainder when 1957134 is divided by 1022.
4
Calculate the remainder when 9416321 is divided by 122.
117
Calculate the remainder when 2918170259 is divided by 36.
35
What is the remainder when 2296143 is divided by 1148069?
5
What is the remainder when 944443 is divided by 134894?
185
Calculate the remainder when 307021 is divided by 574.
505
What is the remainder when 20862 is divided by 6677?
831
Calculate the remainder when 787790 is divided by 21.
17
What is the remainder when 20968947 is divided by 75?
72
What is the remainder when 1189341 is divided by 15?
6
Calculate the remainder when 372998 is divided by 17724.
794
Calculate the remainder when 619870 is divided by 206487.
409
What is the remainder when 291928 is divided by 14596?
8
What is the remainder when 11028 is divided by 394?
390
Calculate the remainder when 12090 is divided by 671.
12
Calculate the remainder when 7228 is divided by 1404.
208
Calculate the remainder when 38072 is divided by 18987.
98
Calculate the remainder when 2210801 is divided by 52636.
89
Calculate the remainder when 4158837 is divided by 831757.
52
What is the remainder when 189763 is divided by 2979?
2086
Calculate the remainder when 420376 is divided by 16168.
8
Calculate the remainder when 130461486 is divided by 232.
230
What is the remainder when 556808 is divided by 1073?
994
Calculate the remainder when 40798482 is divided by 1809.
105
What is the remainder when 116254 is divided by 